{"id":669,"date":"2023-04-06T14:58:23","date_gmt":"2023-04-06T12:58:23","guid":{"rendered":"https:\/\/congresamp2024.world\/il-team\/"},"modified":"2024-02-29T08:27:52","modified_gmt":"2024-02-29T07:27:52","slug":"il-team","status":"publish","type":"page","link":"https:\/\/congresamp2024.world\/it\/il-team\/","title":{"rendered":"Il team!"},"content":{"rendered":"\n<p>La composizione della notra \u00e9quipe non \u00e8 immutabile. Vive di vita propria, \u00e8 in movimento, \u00e8 sempre in evoluzione e si sviluppa man mano che&nbsp; sviluppiamo il nostro modo di fare. Il reale prima del simbolico. Da proseguire, dunque.<\/p>\n\n\n\n<hr class=\"wp-block-separator has-alpha-channel-opacity\"\/>\n\n\n\n<p><strong>PRESIDENTE DELL\u2019AMP<\/strong><\/p>\n\n\n\n<p>Christiane Alberti<\/p>\n\n\n\n<p><strong>DIREZIONE DEL CONGRESSO<\/strong><\/p>\n\n\n\n<p><strong>Direttrice&nbsp;:<\/strong> Ligia Gorini<\/p>\n\n\n\n<p><strong>Direttore&nbsp;:<\/strong> Gil Caroz<\/p>\n\n\n\n<p><strong>CONSIGLIERI<\/strong><\/p>\n\n\n\n<p>Jacques-Alain Miller<\/p>\n\n\n\n<p>Christiane Alberti<\/p>\n\n\n\n<p><strong>COMMISSIONE DI ORGANIZZAZIONE<\/strong><\/p>\n\n\n\n<p><strong>Segreteria:<\/strong> Anne Ganivet-Poumellec (responsabile) \/ Assistenza Newsletter&nbsp;: Vanessa Wroblewski e Barbara Bertoni<\/p>\n\n\n\n<p><strong>Tresoriera:<\/strong>&nbsp; Ang\u00e8le Terrier&nbsp;(responsabile) con Bruno Alivon (vice-tresoriere)<\/p>\n\n\n\n<p><strong>Corrispondenti delle scuole dell&#8217;AMP:<\/strong><\/p>\n\n\n\n<p>ECF: C\u00e9cile Wojnarowski<br>EOL: Andrea Zelaya<br>EBP: Angelina Harari<br>ELP: Felix Rueda<br>NLS: Peggy Papada<br>SLP: Loretta Biondi<br>NEL: Raquel Cors Ulloa<\/p>\n\n\n\n<p><strong>Accoglienza:<\/strong> Fr\u00e9d\u00e9rique Bouvet (responsabile)<\/p>\n\n\n\n<p><strong>Traduzioni:<\/strong> Paula Galhardo (responsabile) con:<\/p>\n\n\n\n<p><em>Inglese:<\/em>&nbsp;Peggy Papada (responsabile),&nbsp;Julie Burchill, Joachim Cauwe,&nbsp;Adeena Mey, St\u00e9phane Pr\u00e9teux, Eva Sophie Reinhofer, Samya Seth, Amal Wahbi<\/p>\n\n\n\n<p><em>Spagnolo:<\/em>&nbsp;Melina Cothros (responsabile), Ariel Altman, Silvana Belmudes, Lore Buchner, Fernando Centeno, Flavia Hofstetter,&nbsp;Marlith Pachao,&nbsp;Tomas Verger, Claudia Vilela<\/p>\n\n\n\n<p><em>Italiano:&nbsp;<\/em>Elena Madera (responsabile), Marco Androsiglio, Ombretta Graciotti, Massimo Grassani, Laura Pacati, Michela Perini, Eleonora Renna, Emanuela Sabatini, Rita Ungania<\/p>\n\n\n\n<p><em>Portoghese:<\/em>&nbsp;Fernanda Bonilha, Isadora Escossia, Carina Faria, Raquel da Matta-Beauvais, Mariel Martins, Andrea Souza Paleari, Fernanda Turbat<\/p>\n\n\n\n<p><em>Francese:<\/em> Zo\u00e9 Barray, Caroline Happiette, Camille Schuffenecker<\/p>\n\n\n\n<p><strong>Libreria:<\/strong> Isabelle Magne (responsabile)<\/p>\n\n\n\n<p><strong>Simultanee:<\/strong> Yves Vanderveken (responsabile)<\/p>\n\n\n\n<p>Cellula: Elisa Alvarenga, Miquel Bassols, Domenico Cosenza<\/p>\n\n\n\n<p>Segreteria: Ruzanna Hakobyan<\/p>\n\n\n\n<p>Team tecnico : Veronica Rovai (responsabile) con Elise Etchamendy, Marie Salaun, Alice Viterbo, Anna Alexopoulou, Dario Alparone, Dony Antunes, Gillian Bradbury, Lore Buchner, Maitena de Zabaleta, Cinthya Estrada, Cynthia Gon\u00e7alves Gindro, Ombretta Graciotti, Roy Hostettler, Lucie Kiyambekova, Katell Le Scouarnec, Mihalis Manoussakis, Aino-Marjatta M\u00e4ki, Sarah Marquis, Flor Mendiondo, Nikita Moshkin, Marlith Pachao, Ilaria Papandrea, Adriana Rend\u00f3n, Diego Mart\u00edn Tagliaferri, Jesica Varela<\/p>\n\n\n\n<p><strong>Sessioni plenarie<\/strong><\/p>\n\n\n\n<p>Team tecnico : Cecilia Naranjo (responsabile) con Lore Buchner, Gaelle Chamboncel, Anne Colombel-Plouzennec, Thomas Daigueperce, Elise Etchamendy, Micaela FratturaMarie Herrmann, Anne-Elisabeth Labenne, Veronica Rovai, Marie Salaun, Mathieu Siriot<\/p>\n\n\n\n<p><strong>COMUNICAZIONE E DIFFUSIONE<\/strong><\/p>\n\n\n\n<p><strong>Responsabile media :<\/strong> Cecilia Naranjo<\/p>\n\n\n\n<p><strong>Hotline:<\/strong> Bruno Alivon (responsabile) con Christelle Arfeuille, Arunava Banerjee, Nohemi Brown, Guillermina Laferrara, Cristiano de Oliveira&nbsp;Ventura, Ilaria Papandrea, Nayahra Reis, Eleonora Renna, Eduardo Scarone, G\u00e9rard S\u00e9yeux, Daria Weinstein<\/p>\n\n\n\n<p><strong>Sito:<\/strong> Mauricio Diament e Fr\u00e9d\u00e9rique Bouvet (responsabili) con&nbsp;Allan Caro e Cl\u00e9ment Marmoz<\/p>\n\n\n\n<p>Traduzioni sito: Barbara Bertoni, Lorenzo Speroni, Amal Wahbi<\/p>\n\n\n\n<p><strong>Social:<\/strong> Patricia Wartelle (responsabile) con Barbara Bertoni<\/p>\n\n\n\n<p><em>Facebook&nbsp;:<\/em> Anne Colombel-Plouzennec (coordinatrice)&nbsp;\/ responsabili degli account: Linda Clarke&nbsp;(inglese), Anne Colombel-Plouzennec, Anne-Elisabeth Labenne&nbsp;(francese), Luisa Arag\u00f3n&nbsp;(spagnolo), Maria Rita Conrado&nbsp;(italiano), Maria Antunes&nbsp;(portoghese)<\/p>\n\n\n\n<p><em>Instagram\u00a0:<\/em> Val\u00e9rie Bussi\u00e8res (coordinatrice) \/ responsabili degli account: Christelle Arfeuille, Isabelle Miraglio, Catherine Delengaigne (francese), Camila Colas (portoghese), Chiara Nicastri (italiano), Andrea Freir\u00eda (spagnolo), Sarah Birgani (inglese)<\/p>\n\n\n\n<p><em>Twitter\u00a0:<\/em> Eduardo Scarone (coordinatore) \/ responsabili degli account: C\u00e9cile Favreau, Eduardo Scarone (francese), Katia Mari\u00e1s (portoghese), Guido Coll (spagnolo), Peggy Papada (inglese), Cecilia Rizzo (italiano)<\/p>\n\n\n\n<p><em>LinkedIn:<\/em> Eduardo Scarone, C\u00e9cile Favreau<\/p>\n","protected":false},"excerpt":{"rendered":"<p>La composizione della notra \u00e9quipe non \u00e8 immutabile. Vive di vita propria, \u00e8 in movimento, \u00e8 sempre in evoluzione e si sviluppa man mano che&nbsp; sviluppiamo il nostro modo di fare. Il reale prima del simbolico. Da proseguire, dunque. PRESIDENTE DELL\u2019AMP Christiane Alberti DIREZIONE DEL CONGRESSO Direttrice&nbsp;: Ligia Gorini Direttore&nbsp;: Gil Caroz CONSIGLIERI Jacques-Alain Miller&hellip;&nbsp;<a href=\"https:\/\/congresamp2024.world\/it\/il-team\/\" class=\"\" rel=\"bookmark\">Leggi tutto &raquo;<span class=\"screen-reader-text\">Il team!<\/span><\/a><\/p>\n","protected":false},"author":1,"featured_media":0,"parent":0,"menu_order":0,"comment_status":"closed","ping_status":"closed","template":"","meta":{"neve_meta_sidebar":"","neve_meta_container":"","neve_meta_enable_content_width":"","neve_meta_content_width":0,"neve_meta_title_alignment":"","neve_meta_author_avatar":"","neve_post_elements_order":"","neve_meta_disable_header":"","neve_meta_disable_footer":"","neve_meta_disable_title":"","neve_meta_reading_time":"","_themeisle_gutenberg_block_has_review":false,"_ti_tpc_template_sync":false,"_ti_tpc_template_id":"","footnotes":""},"class_list":["post-669","page","type-page","status-publish","hentry"],"acf":[],"yoast_head":"<!-- This site is optimized with the Yoast SEO plugin v20.11 - https:\/\/yoast.com\/wordpress\/plugins\/seo\/ -->\n<title>Il team! -<\/title>\n<meta name=\"robots\" content=\"index, follow, max-snippet:-1, max-image-preview:large, max-video-preview:-1\" \/>\n<link rel=\"canonical\" href=\"https:\/\/congresamp2024.world\/it\/il-team\/\" \/>\n<meta property=\"og:locale\" content=\"it_IT\" \/>\n<meta property=\"og:type\" content=\"article\" \/>\n<meta property=\"og:title\" content=\"Il team! -\" \/>\n<meta property=\"og:description\" content=\"La composizione della notra \u00e9quipe non \u00e8 immutabile. Vive di vita propria, \u00e8 in movimento, \u00e8 sempre in evoluzione e si sviluppa man mano che&nbsp; sviluppiamo il nostro modo di fare. Il reale prima del simbolico. Da proseguire, dunque. PRESIDENTE DELL\u2019AMP Christiane Alberti DIREZIONE DEL CONGRESSO Direttrice&nbsp;: Ligia Gorini Direttore&nbsp;: Gil Caroz CONSIGLIERI Jacques-Alain Miller&hellip;&nbsp;Leggi tutto &raquo;Il team!\" \/>\n<meta property=\"og:url\" content=\"https:\/\/congresamp2024.world\/it\/il-team\/\" \/>\n<meta property=\"article:modified_time\" content=\"2024-02-29T07:27:52+00:00\" \/>\n<meta name=\"twitter:card\" content=\"summary_large_image\" \/>\n<meta name=\"twitter:label1\" content=\"Tempo di lettura stimato\" \/>\n\t<meta name=\"twitter:data1\" content=\"3 minuti\" \/>\n<script type=\"application\/ld+json\" class=\"yoast-schema-graph\">{\"@context\":\"https:\/\/schema.org\",\"@graph\":[{\"@type\":\"WebPage\",\"@id\":\"https:\/\/congresamp2024.world\/it\/il-team\/\",\"url\":\"https:\/\/congresamp2024.world\/it\/il-team\/\",\"name\":\"Il team! -\",\"isPartOf\":{\"@id\":\"https:\/\/congresamp2024.world\/it\/#website\"},\"datePublished\":\"2023-04-06T12:58:23+00:00\",\"dateModified\":\"2024-02-29T07:27:52+00:00\",\"breadcrumb\":{\"@id\":\"https:\/\/congresamp2024.world\/it\/il-team\/#breadcrumb\"},\"inLanguage\":\"it-IT\",\"potentialAction\":[{\"@type\":\"ReadAction\",\"target\":[\"https:\/\/congresamp2024.world\/it\/il-team\/\"]}]},{\"@type\":\"BreadcrumbList\",\"@id\":\"https:\/\/congresamp2024.world\/it\/il-team\/#breadcrumb\",\"itemListElement\":[{\"@type\":\"ListItem\",\"position\":1,\"name\":\"Accueil\",\"item\":\"https:\/\/congresamp2024.world\/it\/\"},{\"@type\":\"ListItem\",\"position\":2,\"name\":\"Il team!\"}]},{\"@type\":\"WebSite\",\"@id\":\"https:\/\/congresamp2024.world\/it\/#website\",\"url\":\"https:\/\/congresamp2024.world\/it\/\",\"name\":\"\",\"description\":\"\",\"potentialAction\":[{\"@type\":\"SearchAction\",\"target\":{\"@type\":\"EntryPoint\",\"urlTemplate\":\"https:\/\/congresamp2024.world\/it\/?s={search_term_string}\"},\"query-input\":\"required name=search_term_string\"}],\"inLanguage\":\"it-IT\"}]}<\/script>\n<!-- \/ Yoast SEO plugin. -->","yoast_head_json":{"title":"Il team! -","robots":{"index":"index","follow":"follow","max-snippet":"max-snippet:-1","max-image-preview":"max-image-preview:large","max-video-preview":"max-video-preview:-1"},"canonical":"https:\/\/congresamp2024.world\/it\/il-team\/","og_locale":"it_IT","og_type":"article","og_title":"Il team! -","og_description":"La composizione della notra \u00e9quipe non \u00e8 immutabile. Vive di vita propria, \u00e8 in movimento, \u00e8 sempre in evoluzione e si sviluppa man mano che&nbsp; sviluppiamo il nostro modo di fare. Il reale prima del simbolico. Da proseguire, dunque. PRESIDENTE DELL\u2019AMP Christiane Alberti DIREZIONE DEL CONGRESSO Direttrice&nbsp;: Ligia Gorini Direttore&nbsp;: Gil Caroz CONSIGLIERI Jacques-Alain Miller&hellip;&nbsp;Leggi tutto &raquo;Il team!","og_url":"https:\/\/congresamp2024.world\/it\/il-team\/","article_modified_time":"2024-02-29T07:27:52+00:00","twitter_card":"summary_large_image","twitter_misc":{"Tempo di lettura stimato":"3 minuti"},"schema":{"@context":"https:\/\/schema.org","@graph":[{"@type":"WebPage","@id":"https:\/\/congresamp2024.world\/it\/il-team\/","url":"https:\/\/congresamp2024.world\/it\/il-team\/","name":"Il team! -","isPartOf":{"@id":"https:\/\/congresamp2024.world\/it\/#website"},"datePublished":"2023-04-06T12:58:23+00:00","dateModified":"2024-02-29T07:27:52+00:00","breadcrumb":{"@id":"https:\/\/congresamp2024.world\/it\/il-team\/#breadcrumb"},"inLanguage":"it-IT","potentialAction":[{"@type":"ReadAction","target":["https:\/\/congresamp2024.world\/it\/il-team\/"]}]},{"@type":"BreadcrumbList","@id":"https:\/\/congresamp2024.world\/it\/il-team\/#breadcrumb","itemListElement":[{"@type":"ListItem","position":1,"name":"Accueil","item":"https:\/\/congresamp2024.world\/it\/"},{"@type":"ListItem","position":2,"name":"Il team!"}]},{"@type":"WebSite","@id":"https:\/\/congresamp2024.world\/it\/#website","url":"https:\/\/congresamp2024.world\/it\/","name":"","description":"","potentialAction":[{"@type":"SearchAction","target":{"@type":"EntryPoint","urlTemplate":"https:\/\/congresamp2024.world\/it\/?s={search_term_string}"},"query-input":"required name=search_term_string"}],"inLanguage":"it-IT"}]}},"_links":{"self":[{"href":"https:\/\/congresamp2024.world\/it\/wp-json\/wp\/v2\/pages\/669","targetHints":{"allow":["GET"]}}],"collection":[{"href":"https:\/\/congresamp2024.world\/it\/wp-json\/wp\/v2\/pages"}],"about":[{"href":"https:\/\/congresamp2024.world\/it\/wp-json\/wp\/v2\/types\/page"}],"author":[{"embeddable":true,"href":"https:\/\/congresamp2024.world\/it\/wp-json\/wp\/v2\/users\/1"}],"replies":[{"embeddable":true,"href":"https:\/\/congresamp2024.world\/it\/wp-json\/wp\/v2\/comments?post=669"}],"version-history":[{"count":17,"href":"https:\/\/congresamp2024.world\/it\/wp-json\/wp\/v2\/pages\/669\/revisions"}],"predecessor-version":[{"id":8563,"href":"https:\/\/congresamp2024.world\/it\/wp-json\/wp\/v2\/pages\/669\/revisions\/8563"}],"wp:attachment":[{"href":"https:\/\/congresamp2024.world\/it\/wp-json\/wp\/v2\/media?parent=669"}],"curies":[{"name":"wp","href":"https:\/\/api.w.org\/{rel}","templated":true}]}}

<p>La composizione della notra équipe non è immutabile. Vive di vita propria, è in movimento, è sempre in evoluzione e si sviluppa man mano che&nbsp; sviluppiamo il nostro modo di fare. Il reale prima del simbolico. Da proseguire, dunque.</p>



<hr class="wp-block-separator has-alpha-channel-opacity"/>



<p><strong>PRESIDENTE DELL’AMP</strong></p>



<p>Christiane Alberti</p>



<p><strong>DIREZIONE DEL CONGRESSO</strong></p>



<p><strong>Direttrice&nbsp;:</strong> Ligia Gorini</p>



<p><strong>Direttore&nbsp;:</strong> Gil Caroz</p>



<p><strong>CONSIGLIERI</strong></p>



<p>Jacques-Alain Miller</p>



<p>Christiane Alberti</p>



<p><strong>COMMISSIONE DI ORGANIZZAZIONE</strong></p>



<p><strong>Segreteria:</strong> Anne Ganivet-Poumellec (responsabile) / Assistenza Newsletter&nbsp;: Vanessa Wroblewski e Barbara Bertoni</p>



<p><strong>Tresoriera:</strong>&nbsp; Angèle Terrier&nbsp;(responsabile) con Bruno Alivon (vice-tresoriere)</p>



<p><strong>Corrispondenti delle scuole dell&#8217;AMP:</strong></p>



<p>ECF: Cécile Wojnarowski<br>EOL: Andrea Zelaya<br>EBP: Angelina Harari<br>ELP: Felix Rueda<br>NLS: Peggy Papada<br>SLP: Loretta Biondi<br>NEL: Raquel Cors Ulloa</p>



<p><strong>Accoglienza:</strong> Frédérique Bouvet (responsabile)</p>



<p><strong>Traduzioni:</strong> Paula Galhardo (responsabile) con:</p>



<p><em>Inglese:</em>&nbsp;Peggy Papada (responsabile),&nbsp;Julie Burchill, Joachim Cauwe,&nbsp;Adeena Mey, Stéphane Préteux, Eva Sophie Reinhofer, Samya Seth, Amal Wahbi</p>



<p><em>Spagnolo:</em>&nbsp;Melina Cothros (responsabile), Ariel Altman, Silvana Belmudes, Lore Buchner, Fernando Centeno, Flavia Hofstetter,&nbsp;Marlith Pachao,&nbsp;Tomas Verger, Claudia Vilela</p>



<p><em>Italiano:&nbsp;</em>Elena Madera (responsabile), Marco Androsiglio, Ombretta Graciotti, Massimo Grassani, Laura Pacati, Michela Perini, Eleonora Renna, Emanuela Sabatini, Rita Ungania</p>



<p><em>Portoghese:</em>&nbsp;Fernanda Bonilha, Isadora Escossia, Carina Faria, Raquel da Matta-Beauvais, Mariel Martins, Andrea Souza Paleari, Fernanda Turbat</p>



<p><em>Francese:</em> Zoé Barray, Caroline Happiette, Camille Schuffenecker</p>



<p><strong>Libreria:</strong> Isabelle Magne (responsabile)</p>



<p><strong>Simultanee:</strong> Yves Vanderveken (responsabile)</p>



<p>Cellula: Elisa Alvarenga, Miquel Bassols, Domenico Cosenza</p>



<p>Segreteria: Ruzanna Hakobyan</p>



<p>Team tecnico : Veronica Rovai (responsabile) con Elise Etchamendy, Marie Salaun, Alice Viterbo, Anna Alexopoulou, Dario Alparone, Dony Antunes, Gillian Bradbury, Lore Buchner, Maitena de Zabaleta, Cinthya Estrada, Cynthia Gonçalves Gindro, Ombretta Graciotti, Roy Hostettler, Lucie Kiyambekova, Katell Le Scouarnec, Mihalis Manoussakis, Aino-Marjatta Mäki, Sarah Marquis, Flor Mendiondo, Nikita Moshkin, Marlith Pachao, Ilaria Papandrea, Adriana Rendón, Diego Martín Tagliaferri, Jesica Varela</p>



<p><strong>Sessioni plenarie</strong></p>



<p>Team tecnico : Cecilia Naranjo (responsabile) con Lore Buchner, Gaelle Chamboncel, Anne Colombel-Plouzennec, Thomas Daigueperce, Elise Etchamendy, Micaela FratturaMarie Herrmann, Anne-Elisabeth Labenne, Veronica Rovai, Marie Salaun, Mathieu Siriot</p>



<p><strong>COMUNICAZIONE E DIFFUSIONE</strong></p>



<p><strong>Responsabile media :</strong> Cecilia Naranjo</p>



<p><strong>Hotline:</strong> Bruno Alivon (responsabile) con Christelle Arfeuille, Arunava Banerjee, Nohemi Brown, Guillermina Laferrara, Cristiano de Oliveira&nbsp;Ventura, Ilaria Papandrea, Nayahra Reis, Eleonora Renna, Eduardo Scarone, Gérard Séyeux, Daria Weinstein</p>



<p><strong>Sito:</strong> Mauricio Diament e Frédérique Bouvet (responsabili) con&nbsp;Allan Caro e Clément Marmoz</p>



<p>Traduzioni sito: Barbara Bertoni, Lorenzo Speroni, Amal Wahbi</p>



<p><strong>Social:</strong> Patricia Wartelle (responsabile) con Barbara Bertoni</p>



<p><em>Facebook&nbsp;:</em> Anne Colombel-Plouzennec (coordinatrice)&nbsp;/ responsabili degli account: Linda Clarke&nbsp;(inglese), Anne Colombel-Plouzennec, Anne-Elisabeth Labenne&nbsp;(francese), Luisa Aragón&nbsp;(spagnolo), Maria Rita Conrado&nbsp;(italiano), Maria Antunes&nbsp;(portoghese)</p>



<p><em>Instagram :</em> Valérie Bussières (coordinatrice) / responsabili degli account: Christelle Arfeuille, Isabelle Miraglio, Catherine Delengaigne (francese), Camila Colas (portoghese), Chiara Nicastri (italiano), Andrea Freiría (spagnolo), Sarah Birgani (inglese)</p>



<p><em>Twitter :</em> Eduardo Scarone (coordinatore) / responsabili degli account: Cécile Favreau, Eduardo Scarone (francese), Katia Mariás (portoghese), Guido Coll (spagnolo), Peggy Papada (inglese), Cecilia Rizzo (italiano)</p>



<p><em>LinkedIn:</em> Eduardo Scarone, Cécile Favreau</p>

<p>La composizione della notra équipe non è immutabile. Vive di vita propria, è in movimento, è sempre in evoluzione e si sviluppa man mano che&nbsp; sviluppiamo il nostro modo di fare. Il reale prima del simbolico. Da proseguire, dunque. PRESIDENTE DELL’AMP Christiane Alberti DIREZIONE DEL CONGRESSO Direttrice&nbsp;: Ligia Gorini Direttore&nbsp;: Gil Caroz CONSIGLIERI Jacques-Alain Miller&hellip;&nbsp;<a href="https://congresamp2024.world/it/il-team/" class="" rel="bookmark">Leggi tutto &raquo;<span class="screen-reader-text">Il team!</span></a></p>

<!-- This site is optimized with the Yoast SEO plugin v20.11 - https://yoast.com/wordpress/plugins/seo/ -->
<title>Il team! -</title>
<meta name="robots" content="index, follow, max-snippet:-1, max-image-preview:large, max-video-preview:-1" />
<link rel="canonical" href="https://congresamp2024.world/it/il-team/" />
<meta property="og:locale" content="it_IT" />
<meta property="og:type" content="article" />
<meta property="og:title" content="Il team! -" />
<meta property="og:description" content="La composizione della notra équipe non è immutabile. Vive di vita propria, è in movimento, è sempre in evoluzione e si sviluppa man mano che&nbsp; sviluppiamo il nostro modo di fare. Il reale prima del simbolico. Da proseguire, dunque. PRESIDENTE DELL’AMP Christiane Alberti DIREZIONE DEL CONGRESSO Direttrice&nbsp;: Ligia Gorini Direttore&nbsp;: Gil Caroz CONSIGLIERI Jacques-Alain Miller&hellip;&nbsp;Leggi tutto &raquo;Il team!" />
<meta property="og:url" content="https://congresamp2024.world/it/il-team/" />
<meta property="article:modified_time" content="2024-02-29T07:27:52+00:00" />
<meta name="twitter:card" content="summary_large_image" />
<meta name="twitter:label1" content="Tempo di lettura stimato" />
	<meta name="twitter:data1" content="3 minuti" />
<script type="application/ld+json" class="yoast-schema-graph">{"@context":"https://schema.org","@graph":[{"@type":"WebPage","@id":"https://congresamp2024.world/it/il-team/","url":"https://congresamp2024.world/it/il-team/","name":"Il team! -","isPartOf":{"@id":"https://congresamp2024.world/it/#website"},"datePublished":"2023-04-06T12:58:23+00:00","dateModified":"2024-02-29T07:27:52+00:00","breadcrumb":{"@id":"https://congresamp2024.world/it/il-team/#breadcrumb"},"inLanguage":"it-IT","potentialAction":[{"@type":"ReadAction","target":["https://congresamp2024.world/it/il-team/"]}]},{"@type":"BreadcrumbList","@id":"https://congresamp2024.world/it/il-team/#breadcrumb","itemListElement":[{"@type":"ListItem","position":1,"name":"Accueil","item":"https://congresamp2024.world/it/"},{"@type":"ListItem","position":2,"name":"Il team!"}]},{"@type":"WebSite","@id":"https://congresamp2024.world/it/#website","url":"https://congresamp2024.world/it/","name":"","description":"","potentialAction":[{"@type":"SearchAction","target":{"@type":"EntryPoint","urlTemplate":"https://congresamp2024.world/it/?s={search_term_string}"},"query-input":"required name=search_term_string"}],"inLanguage":"it-IT"}]}</script>
<!-- / Yoast SEO plugin. -->

La composizione della notra équipe non è immutabile. Vive di vita propria, è in movimento, è sempre in evoluzione e si sviluppa man mano che&nbsp; sviluppiamo il nostro modo di fare. Il reale prima del simbolico. Da proseguire, dunque. PRESIDENTE DELL’AMP Christiane Alberti DIREZIONE DEL CONGRESSO Direttrice&nbsp;: Ligia Gorini Direttore&nbsp;: Gil Caroz CONSIGLIERI Jacques-Alain Miller&hellip;&nbsp;Leggi tutto &raquo;Il team!
